99?
59, 61
List the prime factors of 563.
563
What are the prime factors of 5413?
5413
What are the prime factors of 17277?
3, 13, 443
List the prime factors of 3899.
7, 557
What are the prime factors of 107289?
3, 7, 13, 131
List the prime factors of 86200.
2, 5, 431
List the prime factors of 4873.
11, 443
What are the prime factors of 1563?
3, 521
List the prime factors of 101.
101
List the prime factors of 37776.
2, 3, 787
What are the prime factors of 5623?
5623
List the prime factors of 14010.
2, 3, 5, 467
List the prime factors of 90682.
2, 45341
List the prime factors of 3241.
7, 463
What are the prime factors of 4475?
5, 179
What are the prime factors of 2690?
2, 5, 269
List the prime factors of 783.
3, 29
What are the prime factors of 48879?
3, 5431
List the prime factors of 9921.
3, 3307
What are the prime factors of 53293?
137, 389
List the prime factors of 21766.
2, 10883
What are the prime factors of 395?
5, 79
What are the prime factors of 5333?
5333
List the prime factors of 4434.
2, 3, 739
What are the prime factors of 24540?
2, 3, 5, 409
List the prime factors of 146.
2, 73
List the prime factors of 65591.
107, 613
What are the prime factors of 44451?
3, 11, 449
List the prime factors of 5808.
2, 3, 11
List the prime factors of 96498.
2, 3, 1787
What are the prime factors of 13372?
2, 3343
List the prime factors of 60850.
2, 5, 1217
What are the prime factors of 20121?
3, 19, 353
What are the prime factors of 6545?
5, 7, 11, 17
What are the prime factors of 2479?
37, 67
List the prime factors of 900.
2, 3, 5
List the prime factors of 2974.
2, 1487
List the prime factors of 1907.
1907
What are the prime factors of 15544?
2, 29, 67
List the prime factors of 4212.
2, 3, 13
What are the prime factors of 1879?
1879
What are the prime factors of 5957?
7, 23, 37
List the prime factors of 12074.
2, 6037
List the prime factors of 2094.
2, 3, 349
List the prime factors of 814.
2, 11, 37
What are the prime factors of 76095?
3, 5, 19, 89
List the prime factors of 4946.
2, 2473
What are the prime factors of 1743?
3, 7, 83
List the prime factors of 374.
2, 11, 17
What are the prime factors of 14500?
2, 5, 29
List the prime factors of 5284.
2, 1321
What are the prime factors of 2254?
2, 7, 23
List the prime factors of 9411.
3, 3137
What are the prime factors of 362?
2, 181
List the prime factors of 17265.
3, 5, 1151
What are the prime factors of 21968?
2, 1373
List the prime factors of 14872.
2, 11, 13
What are the prime factors of 48744?
2, 3, 677
What are the prime factors of 893?
19, 47
What are the prime factors of 12974?
2, 13, 499
List the prime factors of 790.
2, 5, 79
List the prime factors of 41748.
2, 3, 7, 71
What are the prime factors of 2750?
2, 5, 11
List the prime factors of 2225.
5, 89
What are the prime factors of 1278?
2, 3, 71
What are the prime factors of 3088?
2, 193
What are the prime factors of 9187?
9187
What are the prime factors of 65105?
5, 29, 449
What are the prime factors of 91328?
2, 1427
What are the prime factors of 4589?
13, 353
What are the prime factors of 7716?
2, 3, 643
List the prime factors of 11718.
2, 3, 7, 31
List the prime factors of 17639.
31, 569
List the prime factors of 49122.
2, 3, 2729
List the prime factors of 2689.
2689
What are the prime factors of 3006?
2, 3, 167
What are the prime factors of 497?
7, 71
List the prime factors of 48112.
2, 31, 97
List the prime factors of 1542.
2, 3, 257
List the prime factors of 1039.
1039
What are the prime factors of 2359?
7, 337
What are the prime factors of 33865?
5, 13, 521
List the prime factors of 14842.
2, 41, 181
What are the prime factors of 1779?
3, 593
What are the prime factors of 2223?
3, 13, 19
List the prime factors of 10187.
61, 167
What are the prime factors of 36627?
3, 29, 421
List the prime factors of 959.
7, 137
List the prime factors of 996.
2, 3, 83
List the prime factors of 2213.
2213
List the prime factors of 2020.
2, 5, 101
List the prime factors of 18635.
5, 3727
List the prime factors of 3173.
19, 167
List the prime factors of 104532.
2, 3, 31, 281
List the prime factors of 10494.
2, 3, 11, 53
What are the prime factors of 15236?
2, 13, 293
What are the prime factors of 21385?
5, 7, 13, 47
What are the prime factors of 1629?
3, 181
List the prime factors of 11381.
19, 599
What are the prime factors of 47513?
47513
List the prime factors of 129921.
3, 11, 31, 127
List the prime factors of 286.
2, 11, 13
What are the prime factors of 23507?
11, 2137
List the prime factors of 22777.
22777
What are the prime factors of 45307?
45307
What are the prime factors of 9102?
2, 3, 37, 41
What are the prime factors of 4781?
7, 683
List the prime factors of 1461.
3, 487
List the prime factors of 4068.
2, 3, 113
List the prime factors of 15449.
7, 2207
What are the prime factors of 9679?
9679
What are the prime factors of 704?
2, 11
What are the prime factors of 309?
3, 103
What are the prime factors of 346?
2, 173
What are the prime factors of 881?
881
List the prime factors of 40646.
2, 20323
List the prime factors of 9672.
2, 3, 13, 31
List the prime factors of 511.
7, 73
List the prime factors of 24344.
2, 17, 179
List the prime factors of 695.
5, 139
What are the prime factors of 8831?
8831
What are the prime factors of 3302?
2, 13, 127
What are the prime factors of 7386?
2, 3, 1231
What are the prime factors of 494?
2, 13, 19
What are the prime factors of 21115?
5, 41, 103
What are the prime factors of 19820?
2, 5, 991
What are the prime factors of 4026?
2, 3, 11, 61
What are the prime factors of 1799?
7, 257
What are the prime factors of 588?
2, 3, 7
What are the prime factors of 724?
2, 181
List the prime factors of 14426.
2, 7213
What are the prime factors of 7877?
7877
List the prime factors of 13146.
2, 3, 7, 313
What are the prime factors of 2725?
5, 109
What are the prime factors of 10683?
3, 1187
List the prime factors of 2630.
2, 5, 263
What are the prime factors of 15968?
2, 499
What are the prime factors of 22091?
22091
What are the prime factors of 23959?
13, 19, 97
What are the prime factors of 17?
17
List the prime factors of 173.
173
List the prime factors of 7965.
3, 5, 59
What are the prime factors of 1222?
2, 13, 47
What are the prime factors of 10494?
2, 3, 11, 53
List the prime factors of 4243.
4243
List the prime factors of 1520.
2, 5, 19
What are the prime factors of 13078?
2, 13, 503
What are the prime factors of 80?
2, 5
List the prime factors of 4943.
4943
List the prime factors of 199.
199
What are the prime factors of 677?
677
List the prime factors of 561.
3, 11, 17
What are the prime factors of 7502?
2, 11, 31
What are the prime factors of 22439?
19, 1181
What are the prime factors of 8036?
2, 7, 41
List the prime factors of 2625.
3, 5, 7
What are the prime factors of 45211?
29, 1559
List the prime factors of 835.
5, 167
What are the prime factors of 14835?
3, 5, 23, 43
What are the prime factors of 2264?
2, 283
What are the prime factors of 14079?
3, 13, 19
List the prime factors of 68777.
68777
List the prime factors of 1500.
2, 3, 5
What are the prime factors of 1669?
1669
What are the prime factors of 8186?
2, 4093
List the prime factors of 43865.
5, 31, 283
List the prime factors of 2093.
7, 13, 23
List the prime factors of 3560.
2, 5, 89
List the prime factors of 3222.
2, 3, 179
What are the prime factors of 15854?
2, 7927
What are the prime factors of 15962?
2, 23, 347
List the prime factors of 87262.
2, 7, 23, 271
What are the prime factors of 886?
2, 443
What are the prime factors of 17711?
89, 199
List the prime factors of 15694.
2, 7, 19, 59
List the prime factors of 9287.
37, 251
List the prime factors of 2934.
2, 3, 163
List the prime factors of 29769.
3, 9923
What are the prime factors of 701?
701
List the prime factors of 194.
2, 97
What are the prime factors of 79697?
79697
List the prime factors of 9617.
59, 163
List the prime factors of 112221.
3, 37, 337
List the prime factors of 28.
2, 7
What are the prime factors of 53123?
7, 7589
List the prime factors of 4781.
7, 683
List the prime factors of 9805.
5, 37, 53
What are the prime factors of 773?
773
What are the prime factors of 81442?
2, 43, 947
What are the prime factors of 80975?
5, 41, 79
What are the prime factors of 2325?
3, 5